d v?
23
Let m(b) = -b**2 + 6. Let k be m(0). Calculate the highest common factor of 48 and k.
6
Let x = -3 + 0. Let l = -22 - x. Let o = l - -31. Calculate the greatest common divisor of 12 and o.
12
Let h = -100 - -233. Let q = -20 + 39. Calculate the greatest common factor of h and q.
19
Let u = 49 - 74. Let b = u + 123. Let z(o) = 2*o**3 - 2. Let f be z(2). Calculate the greatest common factor of b and f.
14
Let i(p) = p**3 - 6*p**2 - 5*p + 7. Let j be i(7). Let k = -12 + j. Suppose -u = 4*f - k, -3*f = 2*u - 0*u - 13. What is the greatest common factor of 15 and u?
5
Let f be (320/25)/(-2)*5/(-2). Calculate the highest common divisor of 16 and f.
16
Let c be ((-1 + 1)/(-2))/2. Suppose c = 3*x + 4*q - 63, 0 = 4*x - 2*q + 4*q - 94. Let l = x + -3. Calculate the greatest common divisor of l and 11.
11
Let v = 3 - 7. Let i = 20 + v. Calculate the highest common divisor of 4 and i.
4
Suppose -c = -23 + 3. Suppose -v + 169 - 44 = 4*s, -20 = -4*v. What is the greatest common divisor of s and c?
10
Suppose 0*q - 6*q = -918. What is the greatest common divisor of 102 and q?
51
Let w be (-9)/(-27) - 188/(-3). Calculate the highest common divisor of w and 9.
9
Let o(s) = -s + 3. Let q be o(-9). Calculate the greatest common divisor of q and 30.
6
Suppose -23 = 5*c + 7. Let d be (c/18)/(2/(-12)). Let p be (-16)/(-6) + 6/(-9). What is the highest common factor of d and p?
2
Let l = -8 - -10. Suppose 0 = l*g + 1 - 7. Calculate the greatest common factor of g and 15.
3
Suppose 3*s = f, 0 = 2*f - 6*f + 2*s + 40. Suppose -3*d + 24 = 5*m, -4*d = -d + m - f. Suppose l + 20 = d*l. Calculate the highest common factor of 4 and l.
2
Let n = -1 + -2. Let v be 6 - n*(-3)/(-3). Let t = 64 - 1. Calculate the highest common divisor of v and t.
9
Let z = 52 + -13. Suppose l = 4*s - 220, 6*l - l - 20 = 0. Let k = s - 30. Calculate the highest common divisor of z and k.
13
Let f(b) = b**3 - 6*b**2 - 2*b + 2*b + 10 - 16 + 6*b. Let d be f(7). Calculate the highest common factor of 17 and d.
17
Suppose 2*t - 4*t - 6 = 0. Let i(v) = 6*v**2. Let w be i(t). Calculate the greatest common factor of 36 and w.
18
Let l(g) = -g**3 - 8*g**2 + 8*g - 4. Let b be l(-9). Suppose 5*s - 22 = 2*x + 26, 0 = b*s + 3*x - 28. What is the greatest common divisor of 8 and s?
8
Let g(f) = 2*f**2 + f. Let t be g(1). Let c = 26 - 23. Let n be c*1 + 108/t. Calculate the greatest common factor of 26 and n.
13
Let v = 30 + 17. Let w be v + -3*(-3)/9. What is the highest common factor of 6 and w?
6
Let x = 16 + -1. Suppose -2*r + 1125 = 3*r. Suppose -4*a = -a - r. What is the highest common divisor of a and x?
15
Let o be 10 - (-3)/6*-2. Suppose 4*k + 2*a + 3*a - 12 = 0, -3*k = -4*a - o. Let j be 63/5 - k/5. What is the highest common factor of 108 and j?
12
Let s be ((-22)/(-5))/(18/45)*9. Calculate the highest common divisor of s and 9.
9
Suppose -106 = -g - 6. What is the greatest common factor of g and 25?
25
Let g(y) = -y**2 + 10*y - 12. Let d be g(8). Let b = 66 + 7. Suppose m - b = d. What is the highest common divisor of m and 11?
11
Let v = 50 - -5. Calculate the greatest common factor of 11 and v.
11
Suppose 0 = n - 5*n - 5*g + 97, 4*g - 56 = -2*n. What is the highest common divisor of 126 and n?
18
Suppose 6*d = 41 + 1. Calculate the greatest common divisor of 63 and d.
7
Let i be -1 + -1 + (-9)/(-3). Suppose 0*z - z = 0. Let l be 25*(i + z) - 0. Calculate the greatest common divisor of l and 10.
5
Let h(c) = -c**3 + 4*c**2 - 3*c + 3. Let b be h(2). Suppose 2*j + 17 = -j + 4*u, b*j + 3*u = 20. Calculate the greatest common factor of 9 and j.
1
Suppose 463 = 5*l + 178. Let m = -41 + l. Suppose 0 = -2*s - 5*p + 2*p + 7, 4*s - 3 = 5*p. What is the highest common divisor of s and m?
2
Let z(v) = v**2 - 6*v. Let t be z(6). Suppose t = 2*r + 2*l - l - 6, 0 = -3*r - 4*l + 19. Let u be r/2*-2 + 9. What is the highest common divisor of 1 and u?
1
Suppose u - l + 224 = 6*u, -3*l = -4*u + 164. Let y be ((-33)/2)/(-3)*2. Calculate the greatest common factor of u and y.
11
Let k(d) = -2*d**2 - 23*d - 6. Let y be k(-11). Calculate the greatest common divisor of 1 and y.
1
Let i be (-4 + 0)/(4/(-1) - 0). What is the highest common factor of i and 4?
1
Let m be 18 - (-5)/20*-12. Calculate the greatest common divisor of m and 105.
15
Let i = -57 + 61. Let v be (-1)/(-2) + 11/2. Suppose 3*b - v = 0, -74 = -a - 2*a + 5*b. Calculate the highest common divisor of a and i.
4
Suppose 2*b - 655 = 5*z, 0 = -3*z - 2*b - 241 - 152. Let m = z + 187. What is the greatest common factor of m and 8?
8
Suppose 30*s + 650 = 43*s. Let m be (-41)/(-4) - (-1)/(-4). Calculate the highest common factor of m and s.
10
Let g = 11 + -7. Suppose -38*x + 34*x = -48. What is the greatest common divisor of g and x?
4
Let s be (3 + 0)*66/9. Calculate the highest common factor of s and 154.
22
Let w(o) = o**3 + 10*o**2 + 5*o - 3. Let q be w(-9). Let h be q*(2 + 15/(-9)). Calculate the greatest common factor of 55 and h.
11
Let o = -60 + 105. What is the greatest common factor of 9 and o?
9
Let t(b) = 2*b**2 + 8*b + 6. Let c be t(-6). Let p = -6 + 11. Suppose 0 = -p*z - x + 222, -z = -0*z - 5*x - 60. What is the highest common factor of z and c?
15
Let l = 83 - 35. Calculate the highest common divisor of l and 12.
12
Let a(y) = 3*y**2 + 4*y - 7. Let b(v) = 5*v**2 + 9*v - 14. Let i(q) = 7*a(q) - 4*b(q). Let t be i(12). What is the greatest common factor of 11 and t?
11
Let n(s) = -s**3 - 4*s**2 + 4*s - 4. Suppose -2 = -5*x - 27. Let b be n(x). Let v be (3 - b)/((-8)/(-364)). Calculate the greatest common factor of 13 and v.
13
Suppose 0*w + 5*w = 0, 2*w = -3*f - 6. Let j be (-2)/8*f*-4. Let d be 3*10/6 - j. What is the greatest common factor of d and 7?
7
Let d = 34 + 42. Let b = -20 + d. What is the greatest common divisor of 14 and b?
14
Let a(j) = j**2 + 6*j + 1. Let n be a(-6). Let u be 11 + ((-6)/3 - n). Calculate the greatest common factor of 16 and u.
8
Let l = 14 - -3. Suppose -l*h = -12*h - 125. Calculate the highest common divisor of 200 and h.
25
Let n(p) = -p**3 + 5*p**2 + p + 3. Let i be n(6). Suppose -15 = -5*b + 30. Let w be 182/b + 6/i. Calculate the greatest common divisor of w and 10.
10
Let u be 2/9 + 61/9. Calculate the greatest common divisor of u and 56.
7
Let w(f) = -f**2 + f + 110. Let q be w(0). Let h be 11 + -3 - -3 - 1. Calculate the highest common divisor of q and h.
10
Let z(n) = 4*n**2 - 7*n**2 + 9*n**2 + 6*n + n**3. Let s be z(-4). Calculate the highest common factor of 8 and s.
8
Let h(z) = z**3 + 13*z**2 + 8*z - 15. Let q be h(-12). What is the highest common divisor of 11 and q?
11
Let p be 14 + (-2)/(-1 + 2). Let r = p + -7. Suppose 4*f + 12 = 0, -r*a - 6*f + 43 = -2*f. What is the highest common factor of 44 and a?
11
Let p(x) = 3*x**2 - 3*x - 6. Let m be p(6). Suppose 4*i + 3*r - m = -r, 78 = 5*i - 4*r. Calculate the greatest common factor of i and 36.
18
Let d(b) = b**3 + 6*b**2 - b - 1. Let k be d(-6). Let f = k - 2. What is the greatest common factor of 24 and f?
3
Let c be 14/(-49) + 60/14. Suppose -5*p = -b + 1, 0 = c*b - 7*b + 5*p + 13. What is the highest common factor of b and 4?
2
Let l(b) = b**3 - 2*b**2 - b + 6. Let y be l(4). Calculate the highest common divisor of 68 and y.
34
Suppose q - 5*b - 30 = 0, 4*q - 3*b = -2*b + 25. Suppose 6*r - 108 = 102. What is the greatest common factor of q and r?
5
Let i be 2/5 + (116/10 - -2). Calculate the highest common divisor of i and 14.
14
Let a be (7/3)/((-1)/(-27)). Suppose 0 = j - 4*i - 27, -4*i = i + 25. Let k be (1 + 0)/(1/j). What is the highest common factor of a and k?
7
Suppose 0 = -2*g + 3*q + 107, -5*g - 4*q + 59 = -4*g. What is the highest common factor of g and 5?
5
Let v(r) = 10*r - 1. Let f be v(2). Calculate the highest common divisor of 57 and f.
19
Let s be 2 - 12 - (-5 - -7). Let w be (9/s)/((-3)/12). What is the greatest common factor of 3 and w?
3
Suppose 18 = 15*q - 14*q. Calculate the greatest common divisor of 72 and q.
18
Let x(q) = 2*q**2 - 2. Let m be x(-3). Suppose -76 + 60 = -t. What is the highest common divisor of t and m?
16
Let p(s) = 6*s - 31. Let y(n) = 3*n - 16. Let x(w) = 4*p(w) - 7*y(w). Let a be x(9). What is the highest common factor of a and 120?
15
Let j(m) = -13*m**2 + m + 1. Let a(b) = b**2. Let i(d) = 